{"id":1476,"date":"2023-08-18T18:25:04","date_gmt":"2023-08-18T16:25:04","guid":{"rendered":"https:\/\/emilioyascension.es\/proyecto1\/?page_id=1476"},"modified":"2023-10-30T18:53:43","modified_gmt":"2023-10-30T17:53:43","slug":"diseno-de-espacios","status":"publish","type":"page","link":"https:\/\/emilioyascension.es\/proyecto1\/diseno-de-espacios\/","title":{"rendered":"02.03 DISE\u00d1O DE ESPACIOS"},"content":{"rendered":"\n<p><span><span><a href=\"https:\/\/emilioyascension.es\/proyecto1\/\">HOME<\/a><\/span><\/span><\/p>\n\t<div id=\"gap-2145764951\" class=\"gap-element clearfix\" style=\"display:block; height:auto;\">\n\t\t\n<style>\n#gap-2145764951 {\n  padding-top: 10px;\n}\n<\/style>\n\t<\/div>\n\t\n\n<p>La vivienda, dispone aproximadamente de <strong>200 m2<\/strong> \u00fatiles, y queremos que el dise\u00f1o de estancias, se adec\u00fae a las <strong>nuevas necesidades<\/strong>:<\/p>\n<ul>\n<li><strong>Estancias generosas en dimensiones, con dise\u00f1o, arm\u00f3nicas<\/strong> <strong>y dotaci\u00f3n suficiente de almacenamiento<\/strong>, de acuerdo a&nbsp; la nueva naturaleza de uso, <strong>evitando rincones y recovecos<\/strong>, buscando la luz (natural y artificial), la amplitud visual y la relajaci\u00f3n.<\/li>\n<li><strong>Aislamiento t\u00e9rmico<\/strong>, evitando al m\u00e1ximo la trasmisi\u00f3n de calor\/fr\u00edo, desde las f<strong>achadas y techos<\/strong>, de forma que se pueda <strong>optimizar el rendimiento de la calefacci\u00f3n central, y el sistema de refrigeraci\u00f3n que se integre en la rehabilitaci\u00f3n<\/strong>.<\/li>\n<li><strong>Aislamiento ac\u00fastico<\/strong> <strong>y visual<\/strong> con cerramientos de aluminio o PVC con rotura t\u00e9rmica, filtrado y persianas, capaces de atenuar al m\u00e1ximo la transmisi\u00f3n t\u00e9rmica, ac\u00fastica y mantener la intimidad en el interior de la vivienda disfrutando al m\u00e1ximo de luz natural.<\/li>\n<li><strong>Luminosidad <\/strong>(<strong>luz natural<\/strong> en todas las estancias exteriores e interiores, traspasando puertas o divisiones mediante cerramientos m\u00f3viles acristalados). <strong>Dicha luminosidad, se tiene que trasmitir<\/strong>, incluso <strong>a las estancias interiores<\/strong> de forma indirecta por cristal, desde la fuente de otras estancias exteriores, hacia el <strong>recibidor, pasillos, aseo interior, etc.<\/strong><\/li>\n<li><strong>La luz artificial<\/strong>, tambi\u00e9n queremos que est\u00e9 presente en el dise\u00f1o de cada estancia, bas\u00e1ndose en la tecnolog\u00eda <strong>led<\/strong>. Permitiendo, en las grandes estancias, <strong>alumbrar<\/strong> por completo<strong> 2 \u00f3 mas zonas<\/strong>, alumbrado en zona de armarios y dotarlas tambi\u00e9n de <strong>luz indirecta <\/strong>desde el techo.<\/li>\n<li><strong>Conservaci\u00f3n de las 2 puertas de acceso a la vivienda<\/strong>.<\/li>\n<li><strong>Conservaci\u00f3n de la funcionalidad<\/strong> de los <strong>tres cuartos de ba\u00f1o\/aseos, <\/strong>y tambi\u00e9n de<strong> la cocina y tendedero.<\/strong><\/li>\n<li><strong>Conexiones el\u00e9ctricas suficientes en todas las estancias<\/strong>, <strong>ajust\u00e1ndose a la normativa, <\/strong>con especial menci\u00f3n en aquellas con equipamiento adicional como la cocina. Interruptores, conmutaci\u00f3n y cruzamiento en las estancias que lo precisen. Tomas de corriente para futuras o presentes <strong>persianas motorizadas<\/strong>. Tomas de corriente para <strong>toldos motorizados<\/strong>. Tomas de corriente para <strong>Sistemas de Refrigeraci\u00f3n<\/strong>. Todas ellas <strong>protegidas y distribuidas desde el cuadro el\u00e9ctrico<\/strong>, pasando por las correspondientes cajas empotradas de conexi\u00f3n.<\/li>\n<li>Centralizaci\u00f3n y <strong>distribuci\u00f3n<\/strong> se\u00f1al <strong>TDT y sat\u00e9lite<\/strong>.<\/li>\n<li>Centralizaci\u00f3n router &#8211; switch y <strong>distribuci\u00f3n cableado ethernet.<\/strong><\/li>\n<\/ul>\n","protected":false},"excerpt":{"rendered":"","protected":false},"author":1,"featured_media":0,"parent":0,"menu_order":0,"comment_status":"closed","ping_status":"closed","template":"","meta":{"footnotes":""},"class_list":["post-1476","page","type-page","status-publish","hentry"],"yoast_head":"<!-- This site is optimized with the Yoast SEO plugin v27.5 - https:\/\/yoast.com\/product\/yoast-seo-wordpress\/ -->\n<title>02.03 DISE\u00d1O DE ESPACIOS - PROYECTO REHABILITACI\u00d3N VIVIENDA<\/title>\n<meta name=\"robots\" content=\"index, follow, max-snippet:-1, max-image-preview:large, max-video-preview:-1\" \/>\n<link rel=\"canonical\" href=\"https:\/\/emilioyascension.es\/proyecto1\/diseno-de-espacios\/\" \/>\n<meta property=\"og:locale\" content=\"es_ES\" \/>\n<meta property=\"og:type\" content=\"article\" \/>\n<meta property=\"og:title\" content=\"02.03 DISE\u00d1O DE ESPACIOS - PROYECTO REHABILITACI\u00d3N VIVIENDA\" \/>\n<meta property=\"og:url\" content=\"https:\/\/emilioyascension.es\/proyecto1\/diseno-de-espacios\/\" \/>\n<meta property=\"og:site_name\" content=\"PROYECTO REHABILITACI\u00d3N VIVIENDA\" \/>\n<meta property=\"article:modified_time\" content=\"2023-10-30T17:53:43+00:00\" \/>\n<meta property=\"og:image\" content=\"https:\/\/emilioyascension.es\/proyecto1\/wp-content\/uploads\/2023\/10\/Captura50_3.jpg\" \/>\n\t<meta property=\"og:image:width\" content=\"1054\" \/>\n\t<meta property=\"og:image:height\" content=\"920\" \/>\n\t<meta property=\"og:image:type\" content=\"image\/jpeg\" \/>\n<meta name=\"twitter:card\" content=\"summary_large_image\" \/>\n<meta name=\"twitter:label1\" content=\"Tiempo de lectura\" \/>\n\t<meta name=\"twitter:data1\" content=\"2 minutos\" \/>\n<script type=\"application\/ld+json\" class=\"yoast-schema-graph\">{\"@context\":\"https:\\\/\\\/schema.org\",\"@graph\":[{\"@type\":\"WebPage\",\"@id\":\"https:\\\/\\\/emilioyascension.es\\\/proyecto1\\\/diseno-de-espacios\\\/\",\"url\":\"https:\\\/\\\/emilioyascension.es\\\/proyecto1\\\/diseno-de-espacios\\\/\",\"name\":\"02.03 DISE\u00d1O DE ESPACIOS - PROYECTO REHABILITACI\u00d3N VIVIENDA\",\"isPartOf\":{\"@id\":\"https:\\\/\\\/emilioyascension.es\\\/proyecto1\\\/#website\"},\"datePublished\":\"2023-08-18T16:25:04+00:00\",\"dateModified\":\"2023-10-30T17:53:43+00:00\",\"breadcrumb\":{\"@id\":\"https:\\\/\\\/emilioyascension.es\\\/proyecto1\\\/diseno-de-espacios\\\/#breadcrumb\"},\"inLanguage\":\"es\",\"potentialAction\":[{\"@type\":\"ReadAction\",\"target\":[\"https:\\\/\\\/emilioyascension.es\\\/proyecto1\\\/diseno-de-espacios\\\/\"]}]},{\"@type\":\"BreadcrumbList\",\"@id\":\"https:\\\/\\\/emilioyascension.es\\\/proyecto1\\\/diseno-de-espacios\\\/#breadcrumb\",\"itemListElement\":[{\"@type\":\"ListItem\",\"position\":1,\"name\":\"HOME\",\"item\":\"https:\\\/\\\/emilioyascension.es\\\/proyecto1\\\/\"},{\"@type\":\"ListItem\",\"position\":2,\"name\":\"DISE\u00d1O DE ESPACIOS\"}]},{\"@type\":\"WebSite\",\"@id\":\"https:\\\/\\\/emilioyascension.es\\\/proyecto1\\\/#website\",\"url\":\"https:\\\/\\\/emilioyascension.es\\\/proyecto1\\\/\",\"name\":\"PROYECTO VIVIENDA\",\"description\":\"proyecto rehabilitaci\u00f3n de vivienda unifamiliar\",\"publisher\":{\"@id\":\"https:\\\/\\\/emilioyascension.es\\\/proyecto1\\\/#\\\/schema\\\/person\\\/d47c50aa27c6e0f69c711896c5dc5eed\"},\"alternateName\":\"PROYECTO1\",\"potentialAction\":[{\"@type\":\"SearchAction\",\"target\":{\"@type\":\"EntryPoint\",\"urlTemplate\":\"https:\\\/\\\/emilioyascension.es\\\/proyecto1\\\/?s={search_term_string}\"},\"query-input\":{\"@type\":\"PropertyValueSpecification\",\"valueRequired\":true,\"valueName\":\"search_term_string\"}}],\"inLanguage\":\"es\"},{\"@type\":[\"Person\",\"Organization\"],\"@id\":\"https:\\\/\\\/emilioyascension.es\\\/proyecto1\\\/#\\\/schema\\\/person\\\/d47c50aa27c6e0f69c711896c5dc5eed\",\"name\":\"proyecto1\",\"image\":{\"@type\":\"ImageObject\",\"inLanguage\":\"es\",\"@id\":\"https:\\\/\\\/emilioyascension.es\\\/proyecto1\\\/wp-content\\\/uploads\\\/2023\\\/08\\\/cropped-Logo.jpg\",\"url\":\"https:\\\/\\\/emilioyascension.es\\\/proyecto1\\\/wp-content\\\/uploads\\\/2023\\\/08\\\/cropped-Logo.jpg\",\"contentUrl\":\"https:\\\/\\\/emilioyascension.es\\\/proyecto1\\\/wp-content\\\/uploads\\\/2023\\\/08\\\/cropped-Logo.jpg\",\"width\":343,\"height\":167,\"caption\":\"proyecto1\"},\"logo\":{\"@id\":\"https:\\\/\\\/emilioyascension.es\\\/proyecto1\\\/wp-content\\\/uploads\\\/2023\\\/08\\\/cropped-Logo.jpg\"},\"sameAs\":[\"https:\\\/\\\/emilioyascension.es\\\/proyecto1\"]}]}<\/script>\n<!-- \/ Yoast SEO plugin. -->","yoast_head_json":{"title":"02.03 DISE\u00d1O DE ESPACIOS - PROYECTO REHABILITACI\u00d3N VIVIENDA","robots":{"index":"index","follow":"follow","max-snippet":"max-snippet:-1","max-image-preview":"max-image-preview:large","max-video-preview":"max-video-preview:-1"},"canonical":"https:\/\/emilioyascension.es\/proyecto1\/diseno-de-espacios\/","og_locale":"es_ES","og_type":"article","og_title":"02.03 DISE\u00d1O DE ESPACIOS - PROYECTO REHABILITACI\u00d3N VIVIENDA","og_url":"https:\/\/emilioyascension.es\/proyecto1\/diseno-de-espacios\/","og_site_name":"PROYECTO REHABILITACI\u00d3N VIVIENDA","article_modified_time":"2023-10-30T17:53:43+00:00","og_image":[{"width":1054,"height":920,"url":"https:\/\/emilioyascension.es\/proyecto1\/wp-content\/uploads\/2023\/10\/Captura50_3.jpg","type":"image\/jpeg"}],"twitter_card":"summary_large_image","twitter_misc":{"Tiempo de lectura":"2 minutos"},"schema":{"@context":"https:\/\/schema.org","@graph":[{"@type":"WebPage","@id":"https:\/\/emilioyascension.es\/proyecto1\/diseno-de-espacios\/","url":"https:\/\/emilioyascension.es\/proyecto1\/diseno-de-espacios\/","name":"02.03 DISE\u00d1O DE ESPACIOS - PROYECTO REHABILITACI\u00d3N VIVIENDA","isPartOf":{"@id":"https:\/\/emilioyascension.es\/proyecto1\/#website"},"datePublished":"2023-08-18T16:25:04+00:00","dateModified":"2023-10-30T17:53:43+00:00","breadcrumb":{"@id":"https:\/\/emilioyascension.es\/proyecto1\/diseno-de-espacios\/#breadcrumb"},"inLanguage":"es","potentialAction":[{"@type":"ReadAction","target":["https:\/\/emilioyascension.es\/proyecto1\/diseno-de-espacios\/"]}]},{"@type":"BreadcrumbList","@id":"https:\/\/emilioyascension.es\/proyecto1\/diseno-de-espacios\/#breadcrumb","itemListElement":[{"@type":"ListItem","position":1,"name":"HOME","item":"https:\/\/emilioyascension.es\/proyecto1\/"},{"@type":"ListItem","position":2,"name":"DISE\u00d1O DE ESPACIOS"}]},{"@type":"WebSite","@id":"https:\/\/emilioyascension.es\/proyecto1\/#website","url":"https:\/\/emilioyascension.es\/proyecto1\/","name":"PROYECTO VIVIENDA","description":"proyecto rehabilitaci\u00f3n de vivienda unifamiliar","publisher":{"@id":"https:\/\/emilioyascension.es\/proyecto1\/#\/schema\/person\/d47c50aa27c6e0f69c711896c5dc5eed"},"alternateName":"PROYECTO1","potentialAction":[{"@type":"SearchAction","target":{"@type":"EntryPoint","urlTemplate":"https:\/\/emilioyascension.es\/proyecto1\/?s={search_term_string}"},"query-input":{"@type":"PropertyValueSpecification","valueRequired":true,"valueName":"search_term_string"}}],"inLanguage":"es"},{"@type":["Person","Organization"],"@id":"https:\/\/emilioyascension.es\/proyecto1\/#\/schema\/person\/d47c50aa27c6e0f69c711896c5dc5eed","name":"proyecto1","image":{"@type":"ImageObject","inLanguage":"es","@id":"https:\/\/emilioyascension.es\/proyecto1\/wp-content\/uploads\/2023\/08\/cropped-Logo.jpg","url":"https:\/\/emilioyascension.es\/proyecto1\/wp-content\/uploads\/2023\/08\/cropped-Logo.jpg","contentUrl":"https:\/\/emilioyascension.es\/proyecto1\/wp-content\/uploads\/2023\/08\/cropped-Logo.jpg","width":343,"height":167,"caption":"proyecto1"},"logo":{"@id":"https:\/\/emilioyascension.es\/proyecto1\/wp-content\/uploads\/2023\/08\/cropped-Logo.jpg"},"sameAs":["https:\/\/emilioyascension.es\/proyecto1"]}]}},"_links":{"self":[{"href":"https:\/\/emilioyascension.es\/proyecto1\/wp-json\/wp\/v2\/pages\/1476","targetHints":{"allow":["GET"]}}],"collection":[{"href":"https:\/\/emilioyascension.es\/proyecto1\/wp-json\/wp\/v2\/pages"}],"about":[{"href":"https:\/\/emilioyascension.es\/proyecto1\/wp-json\/wp\/v2\/types\/page"}],"author":[{"embeddable":true,"href":"https:\/\/emilioyascension.es\/proyecto1\/wp-json\/wp\/v2\/users\/1"}],"replies":[{"embeddable":true,"href":"https:\/\/emilioyascension.es\/proyecto1\/wp-json\/wp\/v2\/comments?post=1476"}],"version-history":[{"count":0,"href":"https:\/\/emilioyascension.es\/proyecto1\/wp-json\/wp\/v2\/pages\/1476\/revisions"}],"wp:attachment":[{"href":"https:\/\/emilioyascension.es\/proyecto1\/wp-json\/wp\/v2\/media?parent=1476"}],"curies":[{"name":"wp","href":"https:\/\/api.w.org\/{rel}","templated":true}]}}